ghest common divisor of 5090 and o?
10
Let q(d) = 73*d + 37. Let o(f) = -37*f - 19. Let i(a) = 11*o(a) + 6*q(a). Let t be i(5). Calculate the highest common factor of 72 and t.
24
Let x(f) = -270*f + 3. Let r be x(1). Let p = -241 - r. Suppose n + n - 5*h - 53 = 0, 2*n = -5*h + 103. Calculate the highest common factor of n and p.
13
Suppose -4*i = -16, 5*j + 630 = 5*i - 0*i. Let h = j - -155. Let n = 11 + h. Calculate the highest common factor of 4 and n.
4
Let w be (-1 + 3)/(-14 + 406/28). Suppose -3*p = -4 - 2. Suppose p*g = g + w. What is the greatest common divisor of 2 and g?
2
Let u(q) = q**3 - 9*q**2 + 20*q - 52. Let b be u(7). Let a(i) = -i**3 - 9*i**2 + 11*i + 12. Let w be a(b). Calculate the greatest common divisor of w and 40.
2
Let u be -78*(-15 + (-856)/48). What is the highest common factor of 13 and u?
13
Let n be ((-95580)/(-243))/((-2)/(-82)) + (-8)/(-6). What is the highest common divisor of n and 12?
12
Suppose -4*s + 0*s + 252 = 0. Suppose 13504*r + 738 = 13545*r. Calculate the greatest common factor of r and s.
9
Let s(j) = 5*j + 3*j**2 + 4 + 0 - 3*j**2 + 12*j**2. Let o be s(-1). Calculate the greatest common divisor of 99 and o.
11
Let l = -68 - -109. Suppose -79 - 44 = -3*h + 4*i, 0 = -i. What is the greatest common factor of h and l?
41
Let i(m) = 3*m - 6 - 18 + 3. Let l be i(12). Let n be ((-1)/(3/(-70)))/(5/l). Calculate the highest common divisor of 35 and n.
35
Suppose 1446 = 3*d - 5*r, 0 = -31*d + 30*d - 4*r + 499. Let k = d + -469. Calculate the highest common divisor of k and 162.
18
Suppose -85 = -5*y - 5*o, 0 = -y - 5*o - 0*o + 37. Let s = -13 + y. Let u be -7 + 65 + s/(2/4). Calculate the highest common factor of 7 and u.
7
Suppose -4*u + 48 = 3*z + 8, 3*u = -5*z + 85. Calculate the greatest common divisor of z and 33260.
20
Suppose 275 = 39*i - 505. Suppose o = 14 + 86. Suppose -4*r = r - o. Calculate the highest common factor of i and r.
20
Suppose 6*o - 13856 = -992. What is the highest common divisor of 32 and o?
32
Let h(r) = 3252*r + 10676. Let v be h(12). Calculate the greatest common divisor of v and 28.
28
Let c(w) = 11*w + 94. Let y be c(29). Let u = -18 - 34. Let b = 111 + u. Calculate the highest common factor of b and y.
59
Let u(b) = -2518*b**3 + 2*b**2 + 7*b + 10. Let h be u(-2). Suppose -h = -48*l + 25*l. Calculate the greatest common factor of 12 and l.
12
Let r = -23050 + 25778. What is the highest common divisor of 264 and r?
88
Suppose -50 = -4*h - h. Let l be (-2 + (-2)/(-6))*(-1013 + 911). What is the greatest common factor of h and l?
10
Suppose -9*t + 3*t = 12*t - 17334. What is the highest common factor of t and 9?
9
Suppose 9 = 2*f - f. Suppose -5*h - 5 = -5*n, h - 3*n + 9 = -0*h. Suppose 12*z - h = 1401. Calculate the greatest common divisor of z and f.
9
Let v be (-16)/46*-6 - 584/6716. Suppose -x = t - 9, 7*x = 2*x - t + 65. What is the greatest common factor of v and x?
2
Suppose 18*u - 8*f = -6*f + 3174, 0 = 4*u + 2*f - 720. What is the highest common factor of 6 and u?
3
Let c(y) = -y**3 - 11*y**2 - 9*y + 5. Let s be c(-10). Let h(g) = -g**3 - 2*g**2 + 9*g - 15. Let d be h(s). What is the greatest common factor of d and 375?
15
Suppose 3*b = 37 + 95. Let p = -190427 - -190482. Calculate the greatest common divisor of p and b.
11
Let u(q) = -18*q. Let t be u(1). Let b(o) = 24 + 28 + 18*o - 30 + o**2. Let x be b(t). Calculate the highest common divisor of 33 and x.
11
Suppose v + 4*v - 146 = 2*k, 0 = -5*v - 4*k + 158. Let f be ((-3)/1 - -1)/((-9)/(-405)*-2). What is the greatest common divisor of v and f?
15
Let l be ((-855)/60 + 12)*-44*2/2. What is the greatest common divisor of 24387 and l?
33
Let b(l) be the second derivative of -l**4/12 + 29*l**3/6 - 25*l**2 - 17*l. Let f be b(22). Let j = 308 - f. What is the highest common factor of j and 51?
51
Suppose 13*y = 25*y + 60. Let q be (-12)/16*64/(y - -1). What is the highest common factor of 28 and q?
4
Let r be (-9)/1 - (-19 - 1507). What is the greatest common factor of 287 and r?
41
Let a be ((-5)/(-2) + 2)*176/24. Let l be (-1)/(-2) + 390/12. Suppose -j + l = 2*j. What is the highest common divisor of j and a?
11
Let k(v) = v**3 - 63*v**2 + 239*v - 147. Let x be k(59). What is the greatest common factor of x and 2630?
10
Let k(p) = p**3 - 81*p**2 + 85*p - 396. Let v be k(80). Calculate the highest common divisor of v and 5276.
4
Let h = -2826 + 2834. What is the greatest common divisor of 100 and h?
4
Let l(b) = b**3 + 8*b**2 - 12*b - 22. Let h be l(-9). Suppose 20*v - 4*i - 38 = 17*v, 50 = h*v - 4*i. What is the highest common factor of 678 and v?
6
Suppose -6*q = -21 + 15. Let b be -4 - (22/33)/(q/(-78)). Let t be (-15)/6*b/(-15). Calculate the highest common divisor of t and 12.
4
Suppose -4*u = 16*x - 21*x + 110, 88 = 4*x - 4*u. What is the highest common divisor of 2816 and x?
22
Let p be ((-61)/(-122))/(1/(-388)). Let r = -134 + 59. Let m = r - p. What is the highest common factor of 17 and m?
17
Let p(b) = 4*b - 13. Let x be p(8). Suppose 3*y - q = x, -2*y + 8 - 1 = 5*q. Suppose -4 = y*h - 82. Calculate the greatest common factor of h and 39.
13
Let o = 4899 - 4863. What is the greatest common divisor of 153 and o?
9
Let m(v) = -14*v + 88. Let f be m(-32). Suppose -17*b - 43 + f = 0. What is the highest common divisor of 29 and b?
29
Let h be (-16)/(-5) + 8/10. Suppose h = l + 3*l. Let y be 16/(l + 2/(-4)). Calculate the highest common factor of y and 48.
16
Suppose -4490 = -22*r - 618. Let w = 598 - 303. Suppose w = 5*p + 75. What is the greatest common factor of p and r?
44
Suppose 266*t - 202*t = 9792. Calculate the greatest common factor of 729 and t.
9
Let a be (-127)/(34*7/(-77) + 3). Calculate the greatest common factor of 22 and a.
11
Let b = -51 + 123. Suppose -108 = -5*v - 5*n + 152, 3*n = v - b. Suppose -51 = -s + v. Calculate the highest common divisor of s and 12.
12
Let i be 22/12 - (-3)/18. Suppose 8 = i*w + 2. Suppose -5*k = w*y - 81, 0*y - 4*y = 4*k - 60. What is the greatest common divisor of 2 and k?
2
Suppose -3*p = -3*c - 2157, 0 = 4*p - 9*p - 5*c + 3605. Suppose -52*x + 50*x = -3*l - 145, -60 = -x + 4*l. What is the greatest common divisor of x and p?
80
Let g = 247 - -102. Suppose -g = -2*t + 547. Calculate the greatest common divisor of 56 and t.
56
Let m be -72 + 80 - (0 - 547). What is the greatest common factor of m and 25?
5
Let y be (-25 + 1)/(-2)*4/12. Suppose y*q - 2*k = q - 239, 0 = 2*q - 2*k + 158. Let z be (-98)/(-1) + 1 + q/27. What is the highest common divisor of 16 and z?
16
Let u(x) be the second derivative of 0 + 4/3*x**4 - 5*x**2 + 19/6*x**3 - 1/20*x**5 - 10*x. Let i be u(17). Calculate the greatest common factor of 8 and i.
8
Suppose -3*p + 6*i = 3*i - 15, 2*i + 6 = p. Suppose 0 = -3*l + p*l. Suppose l*z + 616 = 4*z. What is the greatest common divisor of z and 22?
22
Let w = 155 - -60. Let d = -214 + w. Calculate the greatest common divisor of 47 and d.
1
Let u be 93/7 + (-5)/105*6. Suppose -1 = 4*a - u. Suppose 4*p = -3*k + 4, 0*p + 3*p + 39 = a*k. Calculate the greatest common factor of k and 128.
8
Suppose -2*d = -30 + 8. Let o = d - 8. Let q(a) = 4*a + 2. Let m be q(o). What is the highest common factor of 42 and m?
14
Let o = -18914 - -18942. Calculate the greatest common factor of o and 37660.
28
Suppose 3*d - 1 = c + 89, 3*c + 294 = 3*d. Let s = c + 153. Let b(g) = -2765*g - 5462. Let x be b(-2). What is the greatest common factor of x and s?
17
Let v(w) = 17*w + 181. Let x be v(-7). Calculate the highest common factor of x and 8.
2
Suppose 19*v + 2684 = 63*v. Calculate the highest common divisor of 1525 and v.
61
Suppose -4*g + 194 = -2*m - 2616, 0 = 4*g + 5*m - 2831. What is the greatest common factor of 2596 and g?
44
Let j be 1/2 + 195/6. Suppose 10*s - 21216 + 76 = 0. Let g be (-5)/20 + (-2)/((-16)/s). Calculate the highest common factor of g and j.
33
Let t(j) = 2*j**2 - 34*j + 232. Suppose 0 = -4*w + 40 - 4. Let m be t(w). What is the highest common divisor of m and 572?
44
Let c = 214 - 151. Suppose 0 = 140*d - 144*d + 40. Suppose d*w + 19*w = 261. Calculate the greatest common factor of w and c.
9
Suppose o + 2*s - 13 = 2, 3*s - 33 = -3*o. Let k be 3*4 + o + -6. Let l(j) = -63*j + 17. Let b be l(-2). What is the highest common factor of b and k?
13
Let f